{"id":75,"date":"2024-05-17T16:06:17","date_gmt":"2024-05-17T16:06:17","guid":{"rendered":"https:\/\/fragmes.fr\/?page_id=75"},"modified":"2024-10-15T23:04:04","modified_gmt":"2024-10-15T23:04:04","slug":"nos-publications","status":"publish","type":"page","link":"https:\/\/fragmes.fr\/?page_id=75","title":{"rendered":"Nos publications"},"content":{"rendered":"\n<h3 class=\"wp-block-heading has-text-align-left\">Le refus et le vivant. Lectures de C\u00e9dric Demangeot. <\/h3>\n\n\n\n<p class=\"has-text-align-left has-medium-font-size\">Septembre 2024<\/p>\n\n\n\n<figure class=\"wp-block-image aligncenter size-full has-custom-border is-style-rounded\"><a href=\"https:\/\/fragmes.fr\/?product=le-refus-et-le-vivant-lectures-de-cedric-demangeot\"><img loading=\"lazy\" decoding=\"async\" width=\"1106\" height=\"801\" src=\"https:\/\/fragmes.fr\/wp-content\/uploads\/2024\/10\/Capture-decran-2024-10-15-015807.png\" alt=\"\" class=\"wp-image-337\" style=\"border-width:10px;border-radius:17px\" srcset=\"https:\/\/fragmes.fr\/wp-content\/uploads\/2024\/10\/Capture-decran-2024-10-15-015807.png 1106w, https:\/\/fragmes.fr\/wp-content\/uploads\/2024\/10\/Capture-decran-2024-10-15-015807-300x217.png 300w, https:\/\/fragmes.fr\/wp-content\/uploads\/2024\/10\/Capture-decran-2024-10-15-015807-1024x742.png 1024w, https:\/\/fragmes.fr\/wp-content\/uploads\/2024\/10\/Capture-decran-2024-10-15-015807-768x556.png 768w, https:\/\/fragmes.fr\/wp-content\/uploads\/2024\/10\/Capture-decran-2024-10-15-015807-600x435.png 600w\" sizes=\"auto, (max-width: 1106px) 100vw, 1106px\" \/><\/a><\/figure>\n\n\n\n<div class=\"wp-block-columns is-layout-flex wp-container-core-columns-is-layout-28f84493 wp-block-columns-is-layout-flex\">\n<div class=\"wp-block-column is-layout-flow wp-block-column-is-layout-flow\">\n<div class=\"wp-block-group is-layout-constrained wp-container-core-group-is-layout-19e250f3 wp-block-group-is-layout-constrained\">\n<p class=\"has-text-align-center\"><em>\u00b7 <\/em>SOMMAIRE <em>\u00b7<\/em><\/p>\n\n\n\n<p class=\"has-text-align-center\">Liminaire<\/p>\n\n\n\n<p class=\"has-text-align-center\">Mad G\u00e9d\u00e9on T. Circ\u00e9 <em>\u00b7<\/em> <em>Premi\u00e8re po\u00e9sie <\/em>\u00b7 9<\/p>\n\n\n\n<p class=\"has-text-align-center\">St\u00e9phanie Ferrat <em>\u00b7<\/em> <em>Pour C. <\/em>\u00b7 15<\/p>\n\n\n\n<p class=\"has-text-align-center\">Alexandre Battaglia <em>\u00b7<\/em> <em>Ouverture <\/em>\u00b7 19<\/p>\n\n\n\n<p class=\"has-text-align-center\"><strong>LE VIVANT<\/strong><\/p>\n\n\n\n<p class=\"has-text-align-center\">Esther Tellermann <em>\u00b7<\/em> <em>C\u00e9dric Demangeot&nbsp;: un livre ouvert comme les veines <\/em>\u00b7 27<\/p>\n\n\n\n<p class=\"has-text-align-center\">J\u00e9r\u00f4me Th\u00e9lot <em>\u00b7<\/em> <em>Pour aider le Demangeot que nous avons en nous <\/em>\u00b7 39<\/p>\n\n\n\n<p class=\"has-text-align-center\">Victor Martinez <em>\u00b7<\/em> <em>Po\u00e9sie, traduction, peinture&nbsp;: une situation <\/em>\u00b7 45<\/p>\n\n\n\n<p class=\"has-text-align-center\"><strong>LE REFUS<\/strong><\/p>\n\n\n\n<p class=\"has-text-align-center\">Romain Frezzato <em>\u00b7 Notre besoin de Demangeot <\/em>\u00b7 57<\/p>\n\n\n\n<p class=\"has-text-align-center\">Lahoucine Duvaast <em>\u00b7<\/em> <em>du po\u00e8me comme machine de guerre destituante <\/em>\u00b7 65<\/p>\n\n\n\n<p class=\"has-text-align-center\">S\u00e9bastien Ho\u00ebt <em>\u00b7<\/em> <em>D\u2019une infrapolitique \u2013 le po\u00e8me comme lieu de combat <\/em>\u00b7 73<\/p>\n\n\n\n<p class=\"has-text-align-center\">C\u00e9dric Demangeot <em>\u00b7<\/em> <em>Le miroir de l&rsquo;idiot <\/em>\u00b7 89<\/p>\n<\/div>\n<\/div>\n<\/div>\n\n\n\n<p><\/p>\n","protected":false},"excerpt":{"rendered":"<p>Le refus et le vivant. Lectures de C\u00e9dric Demangeot. Septembre 2024 \u00b7 SOMMAIRE \u00b7 Liminaire Mad G\u00e9d\u00e9on T. Circ\u00e9 \u00b7 Premi\u00e8re po\u00e9sie \u00b7 9 St\u00e9phanie Ferrat \u00b7 Pour C. \u00b7 15 Alexandre Battaglia \u00b7 Ouverture \u00b7 19 LE VIVANT Esther Tellermann \u00b7 C\u00e9dric Demangeot&nbsp;: un livre ouvert comme les veines \u00b7 27 J\u00e9r\u00f4me Th\u00e9lot \u00b7 [&hellip;]<\/p>\n","protected":false},"author":1,"featured_media":337,"parent":0,"menu_order":0,"comment_status":"closed","ping_status":"closed","template":"","meta":{"footnotes":""},"class_list":["post-75","page","type-page","status-publish","has-post-thumbnail","hentry"],"blocksy_meta":[],"_links":{"self":[{"href":"https:\/\/fragmes.fr\/index.php?rest_route=\/wp\/v2\/pages\/75","targetHints":{"allow":["GET"]}}],"collection":[{"href":"https:\/\/fragmes.fr\/index.php?rest_route=\/wp\/v2\/pages"}],"about":[{"href":"https:\/\/fragmes.fr\/index.php?rest_route=\/wp\/v2\/types\/page"}],"author":[{"embeddable":true,"href":"https:\/\/fragmes.fr\/index.php?rest_route=\/wp\/v2\/users\/1"}],"replies":[{"embeddable":true,"href":"https:\/\/fragmes.fr\/index.php?rest_route=%2Fwp%2Fv2%2Fcomments&post=75"}],"version-history":[{"count":32,"href":"https:\/\/fragmes.fr\/index.php?rest_route=\/wp\/v2\/pages\/75\/revisions"}],"predecessor-version":[{"id":354,"href":"https:\/\/fragmes.fr\/index.php?rest_route=\/wp\/v2\/pages\/75\/revisions\/354"}],"wp:featuredmedia":[{"embeddable":true,"href":"https:\/\/fragmes.fr\/index.php?rest_route=\/wp\/v2\/media\/337"}],"wp:attachment":[{"href":"https:\/\/fragmes.fr\/index.php?rest_route=%2Fwp%2Fv2%2Fmedia&parent=75"}],"curies":[{"name":"wp","href":"https:\/\/api.w.org\/{rel}","templated":true}]}}